t i(b) = 1. Let t(d) = 2*d - 12*d**2 + 3 - 4 + 0 + 4. Let o(w) = 4*i(w) - t(w). What are the prime factors of o(2)?
3, 5
Suppose -y = -5*y + 4*a + 32, -y - 5*a - 16 = 0. Let g = y - -4. What are the prime factors of g?
2
Let n(r) = 14*r**2 - 2*r - 5. Let x be n(-3). Suppose 13*o - 14*o = -x. List the prime factors of o.
127
What are the prime factors of 720/216*(-171)/(-10)*8?
2, 3, 19
Suppose -3940 = -5*f + 2*c, 2*c - 1130 = -f - 342. What are the prime factors of f?
2, 197
Let o(k) = -k**2 - 11*k + 7. Let t(d) = -d + 6. Let s be t(3). Suppose 0 = y - s*c + 14, -35 = 3*y - c - c. List the prime factors of o(y).
7
Let x(j) = -3*j. Let h be x(-1). Suppose -h*s - s + 16 = 0. Let z(w) = w**2 - 5*w + 6. List the prime factors of z(s).
2
Let s(i) = i**3 - 13*i**2 + 13*i - 9. Let g be s(12). Suppose g*a - 2439 = -6*a. List the prime factors of a.
271
Suppose 0 = -2*h - 0*f + 2*f + 284, 559 = 4*h - f. List the prime factors of h.
139
Suppose -33834 - 16548 = -18*v. What are the prime factors of v?
3, 311
Suppose 5*b + 2*v - 45 = 0, 3*v + 7 = 22. Suppose 0 = -8*z + b*z + 91. List the prime factors of z.
7, 13
What are the prime factors of (-1 - -2)/(-11 - 28020/(-2547))?
3, 283
Let d(p) = 4*p**2 - 53*p + 10. List the prime factors of d(31).
3, 11, 67
Let n(l) = -l + 8. Let s be n(-7). Suppose 2*i + 1 - s = 4*x, 56 = 3*i + x. What are the prime factors of i?
17
Suppose 58 = -3*h + 2*k, -11 = -4*h - 2*k - 65. Let r = -14 - h. Let t = 7 - r. List the prime factors of t.
5
Let l(x) = -3 + 0 - 1 - x + 1. Let i be l(-6). Suppose i*n = -5*c + 220, 5*n + 22 = c + 6. What are the prime factors of c?
41
What are the prime factors of (6032/(-24))/1*-3?
2, 13, 29
Let l(s) = 28*s - 4. Let d be l(1). What are the prime factors of 135 + d/(-3)*2/(-4)?
139
Let d = 1089 - 408. List the prime factors of d.
3, 227
Let x(u) be the first derivative of 7*u**2/2 - 21*u - 1. Let k be x(9). List the prime factors of 3/7 + 1032/k.
5
Let o be -27*(3 + -8 + 4) - 4. Suppose p - 4 = 10. Let l = o + p. List the prime factors of l.
37
Let x(l) = 0 + 0 + l + l**2 - 1. Let p be x(-6). Let f = p + -4. What are the prime factors of f?
5
Suppose 15*b = 20*b - 30. Suppose -238 = -4*t - 3*v, -b*t = -3*t - 3*v - 189. What are the prime factors of t?
61
Let i(h) = -13*h**3 - 3*h**2 + 6*h + 16. List the prime factors of i(-4).
2, 97
Let f be (-144)/54*(-87)/4. Suppose 4*g + 2*p = 50, f = 5*g + p - 3*p. List the prime factors of (-6*1)/(g/(-84)).
2, 3, 7
Let z be 1 - (1 + 1/1). Let u = 28 - -15. Let v = u + z. What are the prime factors of v?
2, 3, 7
Suppose -2*c - 4*g + 480 = 3*c, -5*g + 393 = 4*c. What are the prime factors of c - (1 + -1) - -4?
2, 3
Let s = 4115 - 914. What are the prime factors of s?
3, 11, 97
Suppose -2*u + 578 + 839 = g, 5*u - 5 = 0. List the prime factors of g.
5, 283
Suppose -3*o + 25 = -32. Let c = o + 5. List the prime factors of c.
2, 3
Suppose -5*l = -770 + 10. Suppose 17*m + 91 = 16*m. Let x = l + m. List the prime factors of x.
61
What are the prime factors of (4/6)/((-14)/(-7665))?
5, 73
Let t = 17 - 26. Let a(u) = u**2 + 3*u - 5. Let d be a(t). Suppose -m + d - 10 = 0. What are the prime factors of m?
3, 13
Suppose -2*k + 6*k - y = 9, 0 = 4*k + 2*y - 6. Suppose -2*f - f + 166 = 2*d, k*d = 2*f + 176. Let r = 125 - d. List the prime factors of r.
3, 13
Let r(h) = 2*h**3 - 8*h**2 + 15*h - 36. What are the prime factors of r(5)?
89
Let m = 67 - 86. List the prime factors of (0 + (-66)/4)*(m + 13).
3, 11
Let m(f) = f**3 + 7*f**2 - 1. Let u be m(-7). What are the prime factors of -3 + 315/3 + u + 1?
2, 3, 17
Suppose -h + z = 1, 6*z - 2*z = 4. Let s(d) = d**3 + 2*d**2 + d + 2. What are the prime factors of s(h)?
2
Suppose -25 = -j + 73. Let p = j - -26. What are the prime factors of p?
2, 31
What are the prime factors of 0 + 10*(-2)/4 + 1019?
2, 3, 13
Suppose 6*p - p = 0. Suppose p = -8*i + 3*i + 105. What are the prime factors of i?
3, 7
Let k = -508 - -729. Suppose -5*r - 2*j + k = 0, 3*r - 5*j + 2*j = 141. What are the prime factors of r?
3, 5
Let f be ((-24)/40)/((-2)/(-10)). What are the prime factors of 1 + 58 + (f - -7)?
3, 7
Let a = 116 + -106. Suppose -a = -5*v, 5*t = 2*t + 2*v + 422. List the prime factors of t.
2, 71
Let f(v) = 3*v**3 + 4*v**2 - 6*v - 6. Let n be f(-4). List the prime factors of (96/(-120))/(4/n).
2, 11
Let g be 8*1*(-3)/(-6). Let v be g/(0 + -5 - -3). List the prime factors of (2 - -4) + 3 + v.
7
Let u = 16 - 14. Suppose 0 = -v - 5*w + 13, -u*v - 5 = -5*v + 2*w. What are the prime factors of v?
3
Let v(u) = u + 18. Let w be v(15). Let r = w - -90. What are the prime factors of r?
3, 41
Let a be (-2 + (-4)/2)*-1. Let p be -1 + a - (0 - 6). What are the prime factors of p/(51/(-30) - -2)?
2, 3, 5
Suppose -10 = 16*v - 18*v. Let b(y) = 4*y**2 - 6*y + 6. What are the prime factors of b(v)?
2, 19
Suppose -1695 = -7*h + 4857. List the prime factors of h.
2, 3, 13
Let s(p) = 4*p**2 + 26*p - 25. What are the prime factors of s(-16)?
11, 53
Let r(s) = s**3 + s**2 - 2*s. Let l be r(-2). Suppose l = -2*v + v + 3. Suppose -4*k + 39 = v. List the prime factors of k.
3
Suppose -2*f = f + 3. Let a(z) = 4*z**2. Let s be a(f). Suppose -s*l - 92 = -8*l. What are the prime factors of l?
23
Suppose 1002 + 81 = 3*w. List the prime factors of w.
19
Let q(u) = 31*u + 9. Let w(l) = 15*l + 4. Let m(d) = -4*q(d) + 7*w(d). What are the prime factors of m(-5)?
3, 29
Let z = 480 - -68. List the prime factors of z.
2, 137
Let d(p) = -4*p - 20. Let y be d(-7). Suppose -7*r - 65 = -y*r. List the prime factors of r.
5, 13
Let i(d) = -23*d + 60. Let u(a) = a - 1. Let t(l) = i(l) + 5*u(l). What are the prime factors of t(-13)?
17
Suppose -4*q + 250 = -2*h, q + 5*h - 65 = 3. What are the prime factors of q?
3, 7
Let k(n) = 6*n**2 + 5*n - 3. Let r be k(4). Suppose 252 = 3*a + 2*j, 3*a - 4*j = 139 + r. List the prime factors of a.
2, 3, 7
Let m(b) = -b**2 + 10*b + 32. Let i be m(10). Suppose 0 - i = -g. List the prime factors of g.
2
Suppose 61 = 4*z - 5771. List the prime factors of z.
2, 3
Let q(g) = 33*g - 5. What are the prime factors of q(18)?
19, 31
Suppose 0 = -p - 3*y - 6, 5*p + 4*y + 3 + 5 = 0. Suppose p = -2*r - 3*f + 17 + 20, f = -4*r + 49. List the prime factors of 9607/143 - 2/r.
67
Let t be (-13 - -7)*4/(-6). Let s = -1 + t. Suppose -h = -s*h + 48. What are the prime factors of h?
2, 3
List the prime factors of (156 + -72)*(40/6)/2.
2, 5, 7
Let s = 93 - 90. Suppose -s*z - 2*z = 5*g - 705, -2*g = -3*z + 423. What are the prime factors of z?
3, 47
Let o = -6 - -11. Suppose o*v = k + 48, -2*v + 4*k = 1 - 13. Suppose 3*i = -12, 50 = 5*g + 5*i - v*i. What are the prime factors of g?
2, 3
Suppose 0 = -4*b - b + 40. Let c = 596 + -592. Suppose p - 44 + b = -c*k, 2*p - 66 = -2*k. What are the prime factors of p?
2
What are the prime factors of ((-37)/(-74))/(1/1838)?
919
Suppose 0 = -5*y - 0*y + 5*h - 35, 2*h = -4*y - 46. Let j = y + 14. Suppose -j*x = 16, -26 = -3*r + r - 2*x. List the prime factors of r.
17
Let u = 3 + 12. List the prime factors of (2 + -7)*(-306)/u.
2, 3, 17
Let w(g) = g. Let a be w(0). Suppose 5*t - 190 = 30. Suppose t = 5*x - 2*s, -5*x - 5*s + 30 = -a*s. List the prime factors of x.
2
Suppose -5*n - 178 = -a + 592, 2290 = 3*a - 5*n. What are the prime factors of a?
2, 5, 19
Let d(g) be the first derivative of g**3/3 + 5*g**2 - 13*g - 7. What are the prime factors of d(-12)?
11
Let v(l) = 3*l**2 - 5*l + 3. Let x be v(3). Let o = 19 + x. Suppose -o = -5*j + 3*g, 4*j + 4 - 30 = 2*g. List the prime factors of j.
5
Let x(v) = v**3 - 4*v**2 - 2*v - 6. Let z be x(5). List the prime factors of ((-21)/9 - -3) + 939/z.
3, 5, 7
Let i(p) = -1. Let u(v) = 13*v - 14. Let z(n) = 3*i(n) + u(n). What are the prime factors of z(12)?
139
Let c = -13 - -16. Suppose b + 93 = c*r, 9*b - 124 = -4*r + 4*b. What are the prime factors of r?
31
Let k(j) = 9*j + 3*j**2 - 4*j**2 + 2*j - 35 + 17*j. List the prime factors of k(18).
5, 29
Let t = -1008 + 4171. What are the prime factors of t?
3163
Let o = 561 - 70. List the prime factors of o.
491
What are the prime factors of (-198780)/(-39) + (2 - 100/52)?
3, 1699
Suppose 9*h = -5*h + 28350. What are the prime factors of h?
3, 5
Let a = -261 - -290. List the prime factors of a.
29
Let b be (-6)/(-6) - (-2 - 1). Suppose -3*a 